igit of l?
2
Let d be ((-8)/(-12))/((-2)/(-3)). Suppose d = -5*r + 6*r. What is the units digit of r?
1
Suppose -5*b = 2 - 62. What is the units digit of b?
2
Suppose -110 = 6*c - c. Let h = 33 + c. Let d = 19 - h. What is the units digit of d?
8
Let y be 1/5 + 198/10. Let z = -35 - -99. Suppose -4*u - y = -z. What is the tens digit of u?
1
Let d be (6 + -6)*(-3 - -2). Let p(v) = v. Let l be p(1). Suppose -g + 5 - l = d. What is the units digit of g?
4
Suppose -3*b = b - 8. Suppose r = -b*n + 1, -n + 8 = -0*r + 2*r. What is the units digit of r?
5
Let i = 48 + -25. Suppose 3*m - i = 16. What is the units digit of m?
3
Suppose 4*z - 2 - 18 = 4*v, -14 = -4*z + v. Let c = z + -2. What is the units digit of c?
1
Suppose -3*h = -2*l - 734, -2*h + 7*h + 2*l - 1234 = 0. What is the units digit of h?
6
Let s(c) = -c. Let d be s(-3). Suppose d*i - i = 2. Suppose r = -4*o - i + 8, -2*o + 21 = 3*r. What is the units digit of r?
7
Suppose -5*r + 7*r = 4. Suppose -t - j - r*j = -41, -5*j - 115 = -2*t. What is the tens digit of t?
5
Let l(g) be the third derivative of g**5/12 + g**4/12 - g**3/6 + 3*g**2. Let v = 3 + -2. What is the units digit of l(v)?
6
Suppose 15 = 4*r - 1. Suppose 0*w - r*w = -20, 0 = -3*y - w + 200. Suppose 0 = j + 3*u + 3, 5*j - u - y = 4*u. What is the units digit of j?
9
Suppose 4*n + 3*g = -0*n + 16, 5*g - 15 = 5*n. Let y = -3 + 5. What is the units digit of (n/y)/(2/4)?
1
Suppose 5*f = -0*f. Suppose -5*m + 3*g - 4 = -3*m, f = -3*m - 2*g - 19. Let d = m - -7. What is the units digit of d?
2
Suppose 89 + 211 = 4*v. What is the units digit of v?
5
Suppose 102*q - 684 = 100*q. What is the units digit of q?
2
Let r be 3 + (-3)/3*1. Let v be r*(-2)/(4/(-3)). Suppose v*f - 18 = 2*f. What is the tens digit of f?
1
Let o = 11 - -19. Let d = o + -8. Let t = -9 + d. What is the tens digit of t?
1
Let m be (-3)/18*2*-105. Let l be m*(-1)/10*4. What is the units digit of (-7)/(-3) + l/(-21)?
3
Let i be 2*2/4*-5. Let v(j) = j**2 + 5*j + 5. What is the units digit of v(i)?
5
Let w(v) = -5*v**3 - 3*v**2 + 2*v - 4. What is the units digit of w(-3)?
8
Let u(q) = 2*q**2 + 2*q + 1. Let c = -10 - -7. What is the units digit of u(c)?
3
What is the units digit of ((-186)/(-1) - -5)*1?
1
Let i(a) = -a**3 + 3*a**2 - 2*a + 2. Suppose 2*r + 4*s = -3*r + 2, -2*r - 4*s = 4. What is the units digit of i(r)?
2
Let a = 8 - 5. Suppose a*z - z - 6 = 0. What is the units digit of z?
3
Let i(o) = -29*o + 6. Let k(u) = -28*u + 5. Let n(t) = 4*i(t) - 5*k(t). What is the tens digit of n(1)?
2
What is the units digit of 2/9 - (-2780)/45?
2
Let d(l) = -l**2 - 4*l. Let i(j) = 2*j**2 + 7*j + 1. Let s(a) = 5*d(a) + 3*i(a). What is the tens digit of s(5)?
3
Suppose 0 = -7*u + 4*u + 735. What is the tens digit of u?
4
Let y(a) = a. Let o(h) = h**2 + 5*h - 1. Let n be o(-6). Let m = 1 + n. What is the units digit of y(m)?
6
Let x(c) = c**2 + 4*c + 3. Let d be x(-4). Suppose -4*y = -f + 7, d*y + 9 + 5 = 2*f. What is the units digit of f?
7
Suppose 77 = 4*a - 63. What is the units digit of a?
5
Let j be (-4 + -2 + 4)*-3. Let r(z) = -z - 1. Let c be r(-1). Suppose -s + j = -c*s. What is the units digit of s?
6
Let f(k) = 2*k - 2. Let y be f(4). Let d(q) = -q**2 + 4*q + 6. Let j be d(y). Let i = j - -7. What is the units digit of i?
1
Let m be (-2 + 2)*(-2)/(-4). Suppose -3*n - 3 = m, 5*n - 194 = -3*u - 67. What is the tens digit of u?
4
Let c(i) = -14*i + 6. What is the units digit of c(-1)?
0
Suppose -w + 5*a + 88 = 3*a, 4*w - 392 = -2*a. Suppose -w + 4 = -4*p. What is the tens digit of p?
2
Suppose 0 = c + 3*c - 476. What is the units digit of c?
9
Let q(h) be the first derivative of -h**3/3 + 5*h**2/2 - 3*h - 2. Let j be q(4). Suppose k - 2 = j. What is the units digit of k?
3
Let x(z) = 2*z**2 + 8*z - 8. What is the units digit of x(-7)?
4
Let g(l) = -12*l**2 + 13*l**2 - 2 + 15*l**3 - 2*l + 3. Let i be 3*(0 + 1/3). What is the tens digit of g(i)?
1
Let i(o) = 8*o - 1. Let v(h) = h**2 + 5*h + 6. Let q be v(-4). What is the units digit of i(q)?
5
Let g be (-1)/((-3)/276 - 0). Let m = g + -55. What is the units digit of m?
7
Let p(a) = 16*a - 1. Let w be p(1). Suppose 12 = 5*m - m. Suppose m*q - w = 2*q. What is the tens digit of q?
1
Let d(z) = -z**3 + 3*z**2 + 4*z + 4. Let f be d(4). Let g = 65 - 35. Suppose 0*h - f*c - 3 = h, 2*h - 4*c - g = 0. What is the units digit of h?
9
Let j = 2 + 4. Suppose 0*m - m = -j. What is the units digit of m?
6
Let n(r) = -11*r + 5. Let b(z) = -z. Let w(i) = 4*i - 4. Let t(f) = -6*b(f) + w(f). Let c(k) = 3*n(k) + 4*t(k). What is the units digit of c(1)?
6
Let a(p) = -p**3 + 3*p**2 + 3. Let m be a(3). Suppose 2*i = -d + m*d + 10, 4*i - 20 = 2*d. What is the units digit of i?
5
Let h = 5 + -63. Let l = h + 84. What is the tens digit of l?
2
Let u be (0 + 1 - -1)/(-1). Let l be -1 - (6*-1 - u). What is the units digit of l - -1 - (-6 - -3)?
7
Suppose 0 = -6*o + 3*o - 21. Let c = o - -11. Suppose -4*x = -h - 2, -5*x + 26 + 8 = c*h. What is the units digit of h?
6
Let f be 4/10 - (-56)/10. Let s be (-4)/f*(-60)/8. Let i = -2 + s. What is the units digit of i?
3
Let q = 37 + 15. Let j = 73 - q. What is the units digit of j?
1
Let b(s) = -4*s + 6. Let w be (-16)/10*5/1. What is the tens digit of b(w)?
3
Suppose 3*b + b = 20, -4*j + 18 = 2*b. What is the units digit of j/2 - -33 - -2?
6
Let j(b) = -4*b**2 + 3*b - 2. Let x(n) = 7*n**2 - 5*n + 3. Let t(d) = 5*j(d) + 3*x(d). Let k be t(1). Suppose 40 = 5*g - k. What is the units digit of g?
8
Suppose 64 = s + 5*g - 10*g, -3*g - 12 = 0. What is the tens digit of s?
4
Let m = 57 - 29. Let t = 1 + m. What is the tens digit of t?
2
What is the units digit of 9*5/((-45)/(-21))?
1
Suppose -3*h - 5*v + 431 = 0, -h + 2*v + 67 + 95 = 0. What is the tens digit of h?
5
Let c = -1 - -51. What is the tens digit of c?
5
Let n be (4/(-6))/(4/12). What is the units digit of (-3 - (2 + n)) + 4?
1
Suppose -z + 3*k + 13 + 5 = 0, -6 = -z - 3*k. What is the tens digit of z?
1
Let z(x) = 10*x + 4. Let h(m) = -10*m - 3. Let p(n) = -3*h(n) - 2*z(n). Suppose -5*u = -3 - 2. What is the units digit of p(u)?
1
Suppose 2*a - a - 45 = 0. What is the tens digit of a?
4
Let p(f) = -f**2 + 5*f - 2. Let m be p(4). Suppose -m*i + 15 = 3*k, -i + 2*k = k - 15. Suppose -3*o = -i - 3. What is the units digit of o?
5
Let r(c) = -3*c - 1. Let v = 2 - 2. Suppose v = 3*h - 5*x + 28, 0*h + h + x = 4. What is the units digit of r(h)?
2
Suppose -u - 9 = -0*u. Let a = -6 - u. Let w(d) = d. What is the units digit of w(a)?
3
Let g(x) = x**2 - x + 4. Suppose 5*z = -h - 0*h - 16, -z - h = 4. Let w be g(z). Suppose -5*p + w + 9 = 0. What is the units digit of p?
5
Let b(s) be the third derivative of s**6/120 - s**5/60 - s**4/6 + 2*s**3/3 + 2*s**2. What is the tens digit of b(3)?
1
Suppose 2*l = -5*s + 31, 9*s = 4*s + 25. Suppose 2*o = -l + 9. Suppose 7*v - o*v - 20 = 0. What is the units digit of v?
5
Let m be (-15)/(-25) + 34/10. Suppose 57 = m*p - 15. What is the units digit of p?
8
Let t = 45 - 31. What is the tens digit of t?
1
Suppose 5*m + 0*m = 60. Suppose 0 = -q + 22 + m. What is the tens digit of q?
3
Let p = 26 - 2. What is the units digit of p?
4
Suppose -3*b - 3*r - 3 = 0, r = -b + 5*b - 21. Suppose y = -b*p + 16, -y - 8*p = -3*p - 17. What is the units digit of y?
2
Suppose 5*f - 4*z = 40, -2*z - 32 = -3*f + 2*z. Suppose u + u + f = 0. What is the units digit of -5*u*6/20?
3
Let f be (-10)/8 - 12/16. Let k(q) = -q**3 + q**2 - 2*q + 1. What is the tens digit of k(f)?
1
Let n be (6/18)/((-1)/21). What is the units digit of 6/21 - 236/n?
4
Let g = 726 + -404. Suppose -2*y = 2*c + 208, 5*y = 2*y - 5*c - g. What is the units digit of y/(-12) + (-1)/4?
8
Let z = -20 + 35. Suppose 5*k + 25 = b, b + 0*k - 3*k = z. Suppose b*i - 3*a = i - 3, 2*i - 7 = -5*a. What is the units digit of i?
6
Let p(u) = 7*u**2 + 6*u - 13. Let k(t) = 20*t**2 + 17*t - 39. Let c(g) = -6*k(g) + 17*p(g). Let x = 0 + 0. What is the tens digit of c(x)?
1
Suppose -2*g + 6 = -4*q + 64, 5*g + 117 = -4*q. Let c = -49 - g. Let h = c - -39. What is the units digit of h?
5
Let x(o) = 88*o - 41. What is the units digit of x(3)?
3
Let y = 6 + -4. Let i(a) = 3*a - y*a + 5*a. What is the units digit of i(1)?
6
Let u(o) = 5*o**2 - 2*o - o - 4*o**2 - 2. Let f be u(4). What is the units 